e prime factors of 220885961.
191, 293, 3947
What are the prime factors of 327110695?
5, 281, 232819
List the prime factors of 1835583979.
24121, 76099
List the prime factors of 143273621.
229, 647, 967
What are the prime factors of 65822038?
2, 37, 191, 4657
List the prime factors of 1192257304.
2, 7, 719, 29611
What are the prime factors of 1409868221?
25247, 55843
What are the prime factors of 7154031167?
193, 37067519
What are the prime factors of 5653767931?
7, 23, 5016653
What are the prime factors of 53642795?
5, 19, 113, 263
List the prime factors of 291058764.
2, 3, 24254897
What are the prime factors of 125931854?
2, 23, 2737649
List the prime factors of 4926434488.
2, 17, 36223783
List the prime factors of 698123558.
2, 11, 2689, 11801
What are the prime factors of 4534333546?
2, 19, 119324567
What are the prime factors of 138731735?
5, 27746347
List the prime factors of 6495352.
2, 811919
List the prime factors of 76545243.
3, 19, 59, 281
What are the prime factors of 47402381?
13, 3646337
List the prime factors of 538062924.
2, 3, 7, 487, 1879
What are the prime factors of 27092951?
17, 1593703
List the prime factors of 24871189.
7, 1823, 1949
What are the prime factors of 176059852?
2, 19, 53, 109, 401
What are the prime factors of 141778314?
2, 3, 31, 254083
List the prime factors of 687836506.
2, 7, 97, 506507
List the prime factors of 42027160.
2, 5, 7, 150097
What are the prime factors of 35350772?
2, 1301, 6793
What are the prime factors of 43802882?
2, 71, 373, 827
List the prime factors of 12029737.
12029737
List the prime factors of 25798703.
7, 991, 3719
List the prime factors of 501982246.
2, 250991123
List the prime factors of 237631674.
2, 3, 7, 43, 18797
What are the prime factors of 37212480?
2, 3, 5, 59, 73
What are the prime factors of 1395806969?
1395806969
List the prime factors of 23805710.
2, 5, 113, 21067
What are the prime factors of 624508696?
2, 7, 23, 484867
List the prime factors of 5759397.
3, 7, 31, 983
List the prime factors of 14339016.
2, 3, 199153
List the prime factors of 109876705.
5, 2861, 7681
What are the prime factors of 91140851?
91140851
What are the prime factors of 5184816174?
2, 3, 257, 1120799
What are the prime factors of 59268868?
2, 17, 127, 6863
What are the prime factors of 176226050?
2, 5, 7, 11, 13, 503
List the prime factors of 4374883005.
3, 5, 291658867
What are the prime factors of 73258753?
173, 423461
List the prime factors of 10423203.
3, 7, 496343
List the prime factors of 20034796.
2, 5008699
List the prime factors of 253812687.
3, 1979, 42751
What are the prime factors of 90077332?
2, 22519333
What are the prime factors of 453507223?
13, 34885171
What are the prime factors of 123993892?
2, 11, 2818043
What are the prime factors of 3660897?
3, 191, 6389
List the prime factors of 481984502.
2, 1097, 219683
What are the prime factors of 6914714477?
11, 401, 1567607
What are the prime factors of 4761541885?
5, 6833, 139369
What are the prime factors of 4235851808?
2, 132370369
What are the prime factors of 1179348020?
2, 5, 58967401
What are the prime factors of 3670575395?
5, 71, 10339649
List the prime factors of 135837575.
5, 439, 12377
What are the prime factors of 18606471?
3, 13, 23, 20743
What are the prime factors of 579833285?
5, 43, 1291, 2089
List the prime factors of 173042770.
2, 5, 1163, 14879
What are the prime factors of 561364072?
2, 17, 257, 16061
List the prime factors of 5349230772.
2, 3, 445769231
What are the prime factors of 1341046968?
2, 3, 137, 407861
What are the prime factors of 55196689?
55196689
List the prime factors of 59938024.
2, 7492253
What are the prime factors of 291502809?
3, 13, 29, 53, 1621
List the prime factors of 500380570.
2, 5, 50038057
What are the prime factors of 200697589?
19, 523, 1063
What are the prime factors of 63572959?
29, 79, 27749
List the prime factors of 5312612910.
2, 3, 5, 11, 23, 31, 67, 337
List the prime factors of 2763491205.
3, 5, 184232747
What are the prime factors of 74803256?
2, 11, 761, 1117
List the prime factors of 197729560.
2, 5, 7, 547, 1291
What are the prime factors of 16469268?
2, 3, 61, 149, 151
What are the prime factors of 98212?
2, 43, 571
What are the prime factors of 99644930?
2, 5, 7, 11, 19, 139
What are the prime factors of 18198741?
3, 11, 67, 8231
What are the prime factors of 214169788?
2, 7, 47, 67, 347
List the prime factors of 67777778.
2, 53, 269, 2377
List the prime factors of 28164707.
19, 727, 2039
List the prime factors of 2125672683.
3, 137, 5171953
What are the prime factors of 99511562?
2, 49755781
List the prime factors of 68831838.
2, 3, 3823991
List the prime factors of 573763879.
13, 157, 197, 1427
List the prime factors of 1410277715.
5, 7, 11, 3663059
List the prime factors of 562980003.
3, 187660001
List the prime factors of 850455343.
850455343
List the prime factors of 284818734.
2, 3, 233, 22637
List the prime factors of 76940471.
53, 149, 9743
List the prime factors of 1401509826.
2, 3, 47, 1656631
What are the prime factors of 482942938?
2, 241471469
What are the prime factors of 213333707?
43, 4961249
What are the prime factors of 1508038618?
2, 17, 1583, 28019
What are the prime factors of 190881749?
61, 3129209
What are the prime factors of 149080049?
71, 1061, 1979
List the prime factors of 279653743.
41, 6820823
List the prime factors of 339814607.
11, 30892237
List the prime factors of 568869832.
2, 6199, 11471
List the prime factors of 461248388.
2, 115312097
What are the prime factors of 273213345?
3, 5, 18214223
What are the prime factors of 124011487?
124011487
List the prime factors of 434619992.
2, 54327499
What are the prime factors of 205044612?
2, 3, 137, 191, 653
List the prime factors of 1172818982.
2, 586409491
List the prime factors of 67124260.
2, 5, 7, 113, 4243
List the prime factors of 33667682.
2, 263, 64007
List the prime factors of 1427524772.
2, 356881193
What are the prime factors of 2146245980?
2, 5, 107312299
What are the prime factors of 5767409?
5767409
List the prime factors of 1630668129.
3, 101, 5381743
What are the prime factors of 203484521?
203484521
List the prime factors of 2994762977.
163, 2927, 6277
List the prime factors of 299439462.
2, 3, 7, 17, 419383
What are the prime factors of 3303077746?
2, 1651538873
What are the prime factors of 1531183021?
61, 25101361
List the prime factors of 4100442759.
3, 7, 41, 1587473
What are the prime factors of 403857002?
2, 201928501
List the prime factors of 241033409.
2753, 87553
List the prime factors of 28701453.
3, 11, 263, 3307
List the prime factors of 65541358.
2, 17, 1927687
What are the prime factors of 748257198?
2, 3, 13, 9593041
What are the prime factors of 1679023657?
1679023657
What are the prime factors of 451714318?
2, 11, 439, 46771
What are the prime factors of 124597632?
2, 3, 324473
What are the prime factors of 383430012?
2, 3, 7, 67, 193, 353
List the prime factors of 770393077.
770393077
List the prime factors of 978524028.
2, 3, 89, 305407
List the prime factors of 38526012.
2, 3, 7, 17, 23
What are the prime factors of 11043867?
3, 29, 61, 2081
What are the prime factors of 1442816560?
2, 5, 71, 389, 653
What are the prime factors of 5670243?
3, 70003
List the prime factors of 1137455310.
2, 3, 5, 37915177
List the prime factors of 79712062.
2, 2089, 19079
List the prime factors of 786808161.
3, 17, 53, 10781
What are the prime factors of 843152431?
11, 61, 661, 1901
What are the prime factors of 3777088530?
2, 3, 5, 71, 1773281
What are the prime factors of 305286776?
2, 38160847
What are the prime factors of 146651554?
2, 7, 17, 719, 857
List the prime factors of 13748530.
2, 5, 41, 33533
List the prime factors of 205959165.
3, 5, 17, 229, 3527
List the prime factors of 22050776.
2, 11, 83, 3019
What are the prime factors of 263795111?
227, 1162093
List the prime factors of 805914214.
2, 7, 239, 240859
What are the prime factors of 460058794?
2, 13, 17, 1040857
List the prime factors of 83665932.
2, 3, 7, 20327
What are the prime factors of 99650431?
99650431
What are the prime factors of 44895490?
2, 5, 4489549
List the prime factors of 315943602.
2, 3, 13, 653, 6203
List the prime factors of 775323067.
43, 2591, 6959
What are the prime factors o